)/(66/9999). Suppose 0*t + 5*t + 1065 = 0. Let m = t - v. List the prime factors of m.
191
Suppose -3*h + 4*b + 2462 = 0, -2*h + 1640 = -7*b + 3*b. What are the prime factors of h?
2, 3, 137
Let q be ((-12)/(-5))/((-27)/90). Let y(c) be the first derivative of -19*c**2/2 - 46*c + 36. List the prime factors of y(q).
2, 53
Let h(s) = 15*s. Let n be h(0). Suppose -2*w + 125 + 33 = n. What are the prime factors of w?
79
Let g = -39265 + 79363. What are the prime factors of g?
2, 3, 41, 163
Suppose 46*z - 1067565 = 337970 + 796807. List the prime factors of z.
3, 15959
Suppose 0 = 8*n + 24 + 128. Let z(o) = o + 21. Let g be z(n). Suppose 3*a = g*k - 160, 7*k - 2*k - 434 = -a. What are the prime factors of k?
2, 43
Let k(p) = 10*p + 170. Let d be k(-17). Suppose -2*l + 4*z + 2376 = d, 43*z = 5*l + 47*z - 5912. List the prime factors of l.
2, 37
Suppose -c = -2*k - 313, 0 = -3*c - 2*c + 4*k + 1583. Suppose -6*j - 97 = -c. Suppose 47 = 6*x - j. List the prime factors of x.
2, 7
Let m(s) = 950*s + 3853. What are the prime factors of m(18)?
23, 911
Let k be 39/(-15) - (-1 - (-2)/5). Let g be (0 - 0 - 1)/(k/2). List the prime factors of (128/48)/(g/6).
2
List the prime factors of -7 - 1 - (-13405 + 91) - -10.
2, 3329
Suppose 0 = 3*d - d + 524. Let i be (-39)/364*-8 - (-671)/(-7). Let q = i - d. What are the prime factors of q?
167
Let n = -100 + 102. Suppose 2*q = -10, -5*q = n*j - j - 369. Let z = j + -187. List the prime factors of z.
3, 23
Let j(b) = 7*b**2 + 90*b + 942. List the prime factors of j(-23).
5, 103
Let o be ((-2470)/(-4) - -2)/((-20)/40). Let y = 50 - o. List the prime factors of y.
1289
Suppose -9*a = -12249 - 8343. Suppose -6*m - 926 + a = 0. List the prime factors of m.
227
Suppose 0 = 24*h - 27*h. Suppose h = -6*y + 24*y - 4104. List the prime factors of y.
2, 3, 19
Suppose -p - 9 + 12 = 0. Suppose 3*h + 2*h + o = -32, -p*h = -3*o + 12. List the prime factors of (-668)/(-10) - -2*h/(-60).
67
Let b(g) = g - 1. Let k be b(6). Let r(f) = 621*f + 2. Let j be r(1). Suppose -j - 57 = -k*n. List the prime factors of n.
2, 17
Let q(i) = -57*i**3 + 2*i**2 + 29*i - 10. Let n be q(13). What are the prime factors of n/(-162) - 2/3?
2, 3
Suppose -16*x = -66 - 126. List the prime factors of (-1)/(-6) + 18202/x.
37, 41
Let b(h) = 30*h + 312. Let q be b(-10). Suppose 0*z + z - 294 = -5*p, -4*p = -2*z - 224. Let k = q + p. What are the prime factors of k?
2, 5, 7
Let z be 21/(8/(-40)*5/22). Let b = z + 568. What are the prime factors of b?
2, 53
Let c(s) = -602*s**3 - 15*s**2 - 69*s - 71. List the prime factors of c(-4).
3, 7, 13, 47
Let p = 376 - 26. Suppose -p + 107 = -3*b. List the prime factors of b.
3
Suppose 10172 = -4*t + 17106 + 14822. What are the prime factors of t?
3, 7, 37
Suppose -4*m + 5 + 7 = 0. Suppose m*z - 1712 = z. Suppose -4*y - 4*y + z = 0. What are the prime factors of y?
107
Suppose 31*p + 175864 = -7*p. Let f = p - -6532. List the prime factors of f.
2, 7, 17
Let h(t) = 5*t**2 + 7*t - 20. Let i be h(2). Suppose o + 9633 = i*o. List the prime factors of o.
3, 13, 19
Let d(j) = -15*j**3 + 12*j**2 - 31*j - 723. List the prime factors of d(-14).
43223
Let f(m) = 848*m**2 + 43*m + 148. What are the prime factors of f(-4)?
2, 1693
Let n = 29 - 29. Let g(y) = y**3 - y**2 - y + 229. Let r be g(n). Suppose 6*a = 71 + r. List the prime factors of a.
2, 5
Let l be (-5)/2*(-4*4053/140 + 9). Suppose -4*h = -3*p - 32, 5*h = -3*p + 6 + 34. Suppose -h*o + 875 = l. List the prime factors of o.
2, 19
Suppose 0 = 227*b + 127*b - 9815712. What are the prime factors of b?
2, 1733
Let c(o) be the third derivative of 15*o**5 + o**4 + 4*o**3 - 73*o**2. List the prime factors of c(-1).
2, 3, 5
Suppose 278235 = 90*z - 85*z + 2*j, 2*z - 111294 = -2*j. What are the prime factors of z?
3, 229
Let b = -82 + 84. What are the prime factors of (1 + b - -20)/((-4)/(-52))?
13, 23
Let x = 59 + -55. Let d be (-6744)/(-14) - x/(-14). Suppose -l + d = 4*v, 0 = 2*v + l - 4*l - 234. List the prime factors of v.
2, 3, 5
Suppose 4*v = -v - 8*v + 170209. What are the prime factors of v?
13093
Let x = -50479 + 83889. What are the prime factors of x?
2, 5, 13, 257
Let n be (-7)/(-98)*6 + (-108)/7. Let z(f) be the second derivative of -f**3/6 + 7*f**2 + 5*f. What are the prime factors of z(n)?
29
Let d(k) = 157*k**2 + 943*k + 4. List the prime factors of d(-9).
2, 29, 73
Suppose -70550 = -11*k + 142025. List the prime factors of k.
5, 773
Let y(k) = -23*k - 29. Suppose -5*u = -3*j + 16, 0 = -j + 3*j + 6. List the prime factors of y(u).
2, 43
Let n be (3 - 1) + (-64)/8. List the prime factors of (-30)/n*63*2/5.
2, 3, 7
Let p = -159 + 162. Suppose -4*h - 630 = -2*g, 12 = -h - p*h. List the prime factors of g.
3, 103
Suppose -2*r + 87*h + 58747 = 88*h, 3*r - 2*h = 88138. List the prime factors of r.
2, 3, 17
Let b be (1 + 0)/1 - 52. Let m = b + 51. Suppose -2*s - 4 = 2*s, m = -2*g - 3*s + 77. List the prime factors of g.
2, 5
Suppose 3*u - 13622 = 5*r, 4537 = u + 2*r - 0*r. What are the prime factors of u?
3, 17, 89
Suppose -3*i + 3*z + 24978 = 0, 5*i + i - 49944 = 3*z. List the prime factors of i.
2, 3, 19, 73
Suppose -p - 2*o - 4 = -10, -4*p = -5*o - 11. Suppose 2*c - 216 = -p*q, 5*c - 13*q + 11*q - 564 = 0. List the prime factors of c.
2, 7
Let c(g) = -3*g**3 - 11*g**2 - 5*g - 8. Suppose 0 = 5*w + 7*u - 2*u + 50, 0 = -w + 5*u + 8. What are the prime factors of c(w)?
11, 47
Suppose -296 = 12*c - 3332. Suppose 0 = -u - 3*k + c, -u + 2*k + 38 = -195. What are the prime factors of u?
241
Let t = -2062 + 3328. Suppose -1864 - t = -5*l. List the prime factors of l.
2, 313
Let q(h) = -4*h + 81. Let d be q(31). Let v = 24 + d. List the prime factors of (v/(-57))/((-1)/(-537)).
179
Let v = -81 - -91. Let g be 38/10 - (-2)/v. Let s(w) = 2*w**3 - 7*w**2 + 11*w. List the prime factors of s(g).
2, 3, 5
Suppose 28*o - 55195 = 88165. List the prime factors of o.
2, 5
Suppose 12 = 4*d + 3*r, 5*r + 0 = 3*d - 9. Let y(v) = -27*v**3 - 4*v**d + 0*v + 363*v**2 + 1 - 362*v**2 + 2*v. What are the prime factors of y(-1)?
31
What are the prime factors of ((4 - (-1 + -3) - 6) + 21684)*1?
2, 7, 1549
Let f = 72355 - 36250. What are the prime factors of f?
3, 5, 29, 83
Let v(t) = 21*t - 1. Let y be v(-4). Let z = 439 + -208. Let u = y + z. List the prime factors of u.
2, 73
Suppose -2*y + 55004 + 44813 = -5*z, -4*z = -5*y + 249585. What are the prime factors of y?
49921
Let x = -170 + 176. What are the prime factors of 718 + -4 + x/2?
3, 239
Suppose 0 = -2*q - b + 429, 2*q = -q + 5*b + 650. Let d = 560 - q. What are the prime factors of d?
3, 5, 23
Let z be 796/4 + -4 + 0. Let p = z + 246. What are the prime factors of p?
3, 7
Let t(o) = 17 - 12*o**2 + 9*o**2 + 2*o**2 - 16*o. Let d be t(-17). Suppose 5*i + 96 - 396 = d. List the prime factors of i.
2, 3, 5
Suppose 2*n - 522*u = -523*u + 20183, 2*u + 20204 = 2*n. List the prime factors of n.
3, 5, 673
Suppose 13 = 2*k - k. Let t = -9 + k. Suppose 2*b - 132 = -t*n, -3*b - 10 + 103 = 3*n. List the prime factors of n.
5, 7
Let g(b) = 50*b**2 + 77*b - 27. List the prime factors of g(6).
3, 5, 149
Let g = 1683 - 993. Suppose 0 = 7*w - 3728 + g. What are the prime factors of w?
2, 7, 31
What are the prime factors of 10/(-35) + (-52836980)/(-980)?
5, 41, 263
Let m be ((-12)/20)/(3/(-15)). Suppose -m*g + 110 = -g + 4*k, -2*g + 5*k = -65. List the prime factors of g + 1 - (-7 - -5).
2, 3
Suppose -5*z + 95189 = -3*w, 0 = 25*z - 30*z - 5*w + 95205. List the prime factors of z.
79, 241
Let z(y) = -6 - 35*y + 4 + 7 - 30*y. Let v be z(-8). Suppose -5*k + 3*g + 371 = -119, 5*k + 4*g = v. What are the prime factors of k?
101
List the prime factors of (18/(-63))/((-8)/42672).
2, 3, 127
Let w = -9632 + 17362. What are the prime factors of w?
2, 5, 773
Let v = -52 + 45. Let p(o) = -2*o**3 - 6*o**2 + 10*o. List the prime factors of p(v).
2, 7, 23
Suppose 0 = -32*o + 233 - 73. Suppose -7*w + 2866 = -o*w. List the prime factors of w.
1433
Let n = 105 + 367. Let b = -64 + n. What are the prime factors of b?
2, 3, 17
Let w(y) = 13*y**2 + 14*y - 56. Let p(f) = 14*f**2 + 15*f - 54. Let r(o) = -2*p(o) + 3*w(o). What are the prime factors of r(-8)?
2, 137
Let d(h) = 2*h**2 + h + 2. Let s be d(0). Suppose -14 + s = -3*x. List the prime factors of ((-6)/x)/(3/(-292)).
2, 73
Lis